of j?
9
Let g = -298 + 484. What is the units digit of g?
6
Suppose 2*z - 214 = -3*m, 6*m = m - 4*z + 356. What is the units digit of m?
2
Suppose 3*p + 5*i - 596 = 300, 3*i = p - 280. What is the tens digit of p?
9
Let z(q) = -q**3 + 4*q**2 + q - 5. Let j be z(4). Suppose -d = 2*d - 3. What is the units digit of j*(-2 + d)*6?
6
Let z(k) = -3*k**3 + k**3 + 6*k**2 + k**3 - 8 + 10*k. What is the units digit of z(7)?
3
Let j be 1 - -15*(-2)/3. What is the tens digit of (-8)/(-12) - 273/j?
3
What is the tens digit of 1/(2/60) + 2?
3
Let u(q) = -2 - 1 - q + 4*q + 1. Let o be u(4). Suppose 2*m = o, 7*a - m = 4*a + 7. What is the units digit of a?
4
Let u(v) = 1. Let l(y) = y + 2. Let w(r) = -4*l(r) + 7*u(r). Suppose 12 = -6*b + 3*b. What is the tens digit of w(b)?
1
Let t be (-4)/2 - (-20 + 7). Suppose 0 = -3*f + 2*f + t. What is the tens digit of f?
1
Suppose -6*i + 773 = 185. What is the units digit of i?
8
Suppose 4*h = 13*h - 153. What is the tens digit of h?
1
What is the tens digit of (-5408)/(-64) - (1 + 1/(-2))?
8
Suppose -6*y + 2*y + 20 = 0. Suppose 4*s = y*q + 70, -s + q + 28 = 5*q. What is the units digit of s?
0
Let w be 18/(((-9)/(-3))/3). Let z be (-184)/w + 14/63. What is the units digit of (-1)/5 + (-42)/z?
4
Let s = -150 - -466. What is the hundreds digit of s?
3
What is the units digit of 42/(-4)*(20 + -26)?
3
Suppose 5*c + 27 = 4*p - 3*p, 196 = 4*p + 2*c. What is the tens digit of p?
4
Suppose 3*j + 2*j = -o + 23, -2*o - 3*j = -60. What is the units digit of o?
3
Let x(p) = -p - 4. Let o(b) = b. Let g(u) = -2*o(u) - x(u). What is the tens digit of g(-7)?
1
Let t(z) = z - 1 - 1 - 1 - 2. Let x be t(10). Suppose -d + x - 4 = 0. What is the units digit of d?
1
Let v(p) = 4*p + 26. What is the units digit of v(-6)?
2
Let z = 4 - 3. Let o = z - -26. What is the tens digit of o?
2
Suppose 0 = 5*d - 5*a - 15, 5*a + 10 = -3*d - 5. Suppose 6*y - 4*y - 88 = d. What is the units digit of y?
4
Suppose 0 = -3*i - i, -2*i - 10 = -5*p. Suppose 0 = -2*d - 2*d - p*x + 164, d - 55 = -4*x. Let r = d + -23. What is the units digit of r?
6
Let v = -6 + 3. Let x be (v/(-2))/((-3)/8). Let y(r) = -r**2 - 7*r - 5. What is the units digit of y(x)?
7
Suppose -4*z + 952 = 5*w, 4*z - 7*z = w - 197. What is the tens digit of w?
8
Let g(p) = -p - 4. Let l be g(-4). Suppose l = -u - u + 12. What is the units digit of u?
6
What is the tens digit of 6*1/3 + 2 + 210?
1
Suppose -3*k + 65 = 2*k - 4*h, -3*k = -4*h - 47. What is the units digit of k?
9
Suppose 0 = -y + 1 + 24. What is the tens digit of y?
2
Suppose 35*o - 2 = 34*o. What is the units digit of o?
2
Let i = 4 - 0. Suppose -4*u = -2*z - 4, -4 = -i*u + z + 4*z. What is the units digit of u?
1
Let k(w) = 2*w + 0 - 1 - w. Let x be k(-3). What is the units digit of x/(-12)*21*1?
7
Let s = 71 - 26. What is the units digit of s?
5
Let y be 2/(-9) + 1383/27. Suppose z + 18 = y. What is the units digit of z?
3
Let c be -4*12/16*-1. Suppose c*o - 6 = 27. What is the tens digit of o?
1
Let d(s) = 2*s**2 + 10*s + 7. What is the units digit of d(-12)?
5
Let l = -132 - -133. What is the units digit of l?
1
Let a = 2 - 4. Let h = a - -18. What is the tens digit of h?
1
Let h be 0 - 1/(-1)*2. Let r be 5*(108/(-15))/h. What is the tens digit of (-6)/r + (-35)/(-3)?
1
Suppose -91 = -3*f + 23. What is the tens digit of f?
3
Suppose -4*c + 5 = -s, -2*s - 2 = 3*c + 3*s. Let a(u) = -u**3 + u**2. Let n be a(c). Let p = 5 + n. What is the units digit of p?
5
Let i = 28 + -21. What is the units digit of i?
7
Let q(g) be the first derivative of g**2/2 - 2*g + 2. Let s be q(6). Let x = s + 5. What is the units digit of x?
9
Let m = -47 + 91. Suppose 3*r - m + 8 = 0. What is the units digit of r?
2
Suppose -4*y - 3*w = 24 - 3, 4*w = -y - 2. Let s = 10 + y. What is the units digit of s?
4
Let x(j) = j**3 + 10*j**2 + 10*j + 11. Let o = -30 + 21. What is the units digit of x(o)?
2
Let n(k) = -k. Suppose -3 = j - 2. Let r = j + -3. What is the units digit of n(r)?
4
Suppose 0 + 3 = 3*y. Suppose 0 = 4*w - 2*p - y - 1, 5*w - 4 = p. Let g(m) = 12*m**3 + m**2 - 2*m + 1. What is the tens digit of g(w)?
1
Let z(v) = -6*v**3 - 2*v**2 - v. Let p be z(-1). Suppose p*n = 2*n + 9. Let y = 18 + n. What is the tens digit of y?
2
Let u = -299 + 433. What is the tens digit of u?
3
Let t be 32/14 - (-6)/(-21). Suppose 20 = t*c - 6. What is the tens digit of c?
1
Let m = -61 + 144. What is the units digit of m?
3
Let b(u) = -3*u - 3*u + 5 + 4*u**2 - 5*u**2. What is the units digit of b(-5)?
0
Let w = 200 + -54. What is the tens digit of w?
4
What is the units digit of 5/((-2)/(2*-13))?
5
What is the units digit of (-24)/60 - 47/(-5)?
9
Let g = -21 - -47. What is the units digit of g?
6
Let w = 10 + -6. Let f(x) be the third derivative of -x**5/60 + x**4/6 + x**3/3 - 9*x**2. What is the units digit of f(w)?
2
What is the units digit of (0 - (1 - 0)) + 57?
6
Let q(a) = -27*a + 49. What is the tens digit of q(-15)?
5
Let o = 21 - 3. Suppose -f = 2*f - o. What is the units digit of f?
6
Suppose -24 = -3*u + 21. What is the units digit of (1 - 0) + 0 + u?
6
Let y(c) = c**3 + 3*c**2 + 6*c - 3. What is the units digit of y(4)?
3
Let v(b) = -b**3 - 4*b**2 + 7. Let q be -5 + 2/4*0. Let y be v(q). Let t = y + -20. What is the units digit of t?
2
Let n(b) = b - 7. Let k(p) = p**3 + 4*p**2 - 6*p + 3. Let j be k(-5). What is the units digit of n(j)?
1
Suppose 0 = -2*w - 2*w. Let d(p) = -7*p**3 + 2*p + 7. Let n(h) = -3*h**3 + h + 3. Let b(z) = -2*d(z) + 5*n(z). What is the units digit of b(w)?
1
Let b(t) = 3*t**3 - 10*t + 29 + 8*t**2 - 22 - 4*t**3. Let p be b(7). Let r = p + 23. What is the units digit of r?
9
Suppose -3*j + f + 2 = -2*j, 0 = j + 4*f - 2. Suppose -j*b - y = -19, -2*b + 29 = 4*y - y. What is the units digit of b?
7
Suppose 0 = -0*y - 3*y + 333. What is the units digit of y?
1
Suppose -55*k + 100 = -51*k. What is the tens digit of k?
2
Suppose 7 = -2*q - 5. Let k(z) = -z**3 - 5*z**2 + 6. What is the units digit of k(q)?
2
Let i = -68 - -73. What is the units digit of i?
5
Let f(c) = c**3 - 7*c**2 + 6*c + 3. Let h be f(6). Let b(r) = r**3 + 6*r - 2*r**3 - h + 2*r - 8*r**2. What is the units digit of b(-9)?
6
Let n = -16 + 55. Let b = n - 16. What is the tens digit of b?
2
Suppose 0 = t + 4*t - v - 237, 252 = 5*t + 4*v. Suppose 2*g - 24 = -4*w, -t = -0*g - 4*g + 4*w. What is the tens digit of g?
1
Suppose 5*o = -q + 17, -2*o - 2*q + 3 = -7. Suppose -7*l = -o*l. Suppose 0 = -5*i + i - g + 48, l = g. What is the units digit of i?
2
Suppose 5*v - 647 = -4*h, -588 - 193 = -5*h + 3*v. What is the units digit of h?
8
Let p(c) = -c**2 - 7*c - 1. Let r be p(-7). Let i = -1 - r. Let k = i + 8. What is the units digit of k?
8
Let z = 16 - -17. What is the units digit of z?
3
Suppose 17*b = 19*b - 70. What is the units digit of b?
5
Let t be 1 + 1/(-1) + -1. Let b be 16 - (-1 - t)/3. Suppose 2*x = b - 0. What is the units digit of x?
8
Let k be ((-4)/12)/((-2)/30). What is the units digit of (-114)/(-15) + (-3)/k?
7
Let d be 3*(-2 + -1)*1. Let k(g) = -g**2 - 8*g + 13. What is the units digit of k(d)?
4
Let c(n) = -n**2 + 10*n - 11. Let v = 26 - 9. Suppose -v + 1 = -2*k. What is the units digit of c(k)?
5
Suppose -9*p = 261 - 990. What is the units digit of p?
1
Suppose 3*q = 5*c - 0*c + 84, 3*c = -q + 14. What is the tens digit of q?
2
Suppose 3*h = 239 + 40. What is the units digit of h?
3
Suppose 4*z - 11 = 9. Let m(g) = 8*g - 7. What is the units digit of m(z)?
3
Let f = 69 + -38. What is the tens digit of f?
3
Let a(i) = -i - 3. Let m = -13 - -9. What is the units digit of a(m)?
1
Suppose -3*l + 4*i = -151, -4*l = -2*i - 22 - 166. Suppose -3*n = 5*r - l, r + 5*n = 3 + 6. What is the units digit of r?
9
Let u(p) = p**3 + 6*p**2 + 4*p - 3. Let x be u(-5). Let h(r) = 5*r**2 - 2*r + 2. Let m be h(x). What is the units digit of 104/18 - (-4)/m?
6
Suppose 6*p - 107 = 7. What is the units digit of p?
9
Let v be 0/(0 + 4/(-2)). Suppose -n = -v*n - 3. What is the units digit of n?
3
Suppose -5*f = -93 + 3. What is the tens digit of f?
1
Let y(v) = -3*v + 2. Let m be y(2). Suppose 0 = -c + 6*c + 4*q + 44, -42 = 5*c + 2*q. Let r = m - c. What is the units digit of r?
4
Suppose b - 4*b = -3. Let u = b - -30. What is the units digit of u?
1
Suppose 0 = -5*d + 15, 3*l = 